{"id":76,"date":"2018-08-16T14:32:23","date_gmt":"2018-08-16T12:32:23","guid":{"rendered":"http:\/\/www.geodatenserver.ch\/valgis\/?page_id=76"},"modified":"2025-02-04T15:47:10","modified_gmt":"2025-02-04T14:47:10","slug":"industrie","status":"publish","type":"page","link":"https:\/\/www.geodatenserver.ch\/valgis\/industrie\/","title":{"rendered":"Industrie"},"content":{"rendered":"<p><a href=\"http:\/\/www.geodatenserver.ch\/valgis\/wp-content\/uploads\/2018\/08\/industrie.jpg\"><img loading=\"lazy\" decoding=\"async\" class=\"alignnone size-large wp-image-116\" src=\"http:\/\/www.geodatenserver.ch\/valgis\/wp-content\/uploads\/2018\/08\/industrie-1024x502.jpg\" alt=\"\" width=\"800\" height=\"392\" srcset=\"https:\/\/www.geodatenserver.ch\/valgis\/wp-content\/uploads\/2018\/08\/industrie-1024x502.jpg 1024w, https:\/\/www.geodatenserver.ch\/valgis\/wp-content\/uploads\/2018\/08\/industrie-300x147.jpg 300w, https:\/\/www.geodatenserver.ch\/valgis\/wp-content\/uploads\/2018\/08\/industrie-768x376.jpg 768w, https:\/\/www.geodatenserver.ch\/valgis\/wp-content\/uploads\/2018\/08\/industrie.jpg 1678w\" sizes=\"auto, (max-width: 800px) 100vw, 800px\" \/><\/a><\/p>\n<p>Wo ist was? Wie breit ist &#8230;? Wer ist der Eigent\u00fcmer von &#8230;? Fragen wie diese k\u00f6nnen nur dann kompetent und zeitnah beantwortet werden, wenn Sie s\u00e4mtliche Daten zu Planung, Bau, Betrieb und Wartung Ihrer Objekte und Anlagen im Blick haben. Auch Zahlen zum operativen Gesch\u00e4ft betrachten Sie in einem r\u00e4umlichen Kontext. So erf\u00fcllen Sie die rechtlichen Vorgaben, gew\u00e4hrleisten Sicherheit am Arbeitsplatz und steigern die Effizienz.<\/p>\n<p>Mit valgis sichten und editieren Sie Ihre Geodaten in einer einfach bedienbaren Benutzeroberfl\u00e4che per Browser direkt im Web. Dabei verf\u00fcgen Sie \u00fcber eine Suite an Produktivit\u00e4tstools f\u00fcr s\u00e4mtliche<br \/>\nTeilaufgaben: Von der Datenerfassung in einer zentralen Datenbank \u00fcber die einfache Bereitstellung von Services bis hin zur r\u00e4umlichen Analyse und Datenausgabe als Karte oder Bericht. So pflegen Sie s\u00e4mtliche Informationen in einer zentralen Stelle und teilen diese im Unternehmen als Team. In wenigen Schritten erstellen Sie Projekte mit einem rollenbasiertem Nutzerkonzept, prozessorientierten Arbeitsabl\u00e4ufen, strengen Sicherheitsauflagen und individuell konfigurierten Clients f\u00fcr einen Einsatz im B\u00fcro oder mobil vor Ort.<\/p>\n","protected":false},"excerpt":{"rendered":"<p>Wo ist was? Wie breit ist &#8230;? Wer ist der Eigent\u00fcmer von &#8230;? Fragen wie diese k\u00f6nnen nur dann kompetent [&hellip;]<\/p>\n","protected":false},"author":1,"featured_media":0,"parent":0,"menu_order":0,"comment_status":"closed","ping_status":"closed","template":"","meta":{"site-sidebar-layout":"default","site-content-layout":"","ast-site-content-layout":"default","site-content-style":"default","site-sidebar-style":"default","ast-global-header-display":"","ast-banner-title-visibility":"","ast-main-header-display":"","ast-hfb-above-header-display":"","ast-hfb-below-header-display":"","ast-hfb-mobile-header-display":"","site-post-title":"","ast-breadcrumbs-content":"","ast-featured-img":"","footer-sml-layout":"","ast-disable-related-posts":"","theme-transparent-header-meta":"default","adv-header-id-meta":"","stick-header-meta":"","header-above-stick-meta":"","header-main-stick-meta":"","header-below-stick-meta":"","astra-migrate-meta-layouts":"set","ast-page-background-enabled":"default","ast-page-background-meta":{"desktop":{"background-color":"var(--ast-global-color-5)","background-image":"","background-repeat":"repeat","background-position":"center center","background-size":"auto","background-attachment":"scroll","background-type":"","background-media":"","overlay-type":"","overlay-color":"","overlay-opacity":"","overlay-gradient":""},"tablet":{"background-color":"","background-image":"","background-repeat":"repeat","background-position":"center center","background-size":"auto","background-attachment":"scroll","background-type":"","background-media":"","overlay-type":"","overlay-color":"","overlay-opacity":"","overlay-gradient":""},"mobile":{"background-color":"","background-image":"","background-repeat":"repeat","background-position":"center center","background-size":"auto","background-attachment":"scroll","background-type":"","background-media":"","overlay-type":"","overlay-color":"","overlay-opacity":"","overlay-gradient":""}},"ast-content-background-meta":{"desktop":{"background-color":"var(--ast-global-color-4)","background-image":"","background-repeat":"repeat","background-position":"center center","background-size":"auto","background-attachment":"scroll","background-type":"","background-media":"","overlay-type":"","overlay-color":"","overlay-opacity":"","overlay-gradient":""},"tablet":{"background-color":"var(--ast-global-color-4)","background-image":"","background-repeat":"repeat","background-position":"center center","background-size":"auto","background-attachment":"scroll","background-type":"","background-media":"","overlay-type":"","overlay-color":"","overlay-opacity":"","overlay-gradient":""},"mobile":{"background-color":"var(--ast-global-color-4)","background-image":"","background-repeat":"repeat","background-position":"center center","background-size":"auto","background-attachment":"scroll","background-type":"","background-media":"","overlay-type":"","overlay-color":"","overlay-opacity":"","overlay-gradient":""}},"footnotes":""},"class_list":["post-76","page","type-page","status-publish","hentry"],"_links":{"self":[{"href":"https:\/\/www.geodatenserver.ch\/valgis\/wp-json\/wp\/v2\/pages\/76","targetHints":{"allow":["GET"]}}],"collection":[{"href":"https:\/\/www.geodatenserver.ch\/valgis\/wp-json\/wp\/v2\/pages"}],"about":[{"href":"https:\/\/www.geodatenserver.ch\/valgis\/wp-json\/wp\/v2\/types\/page"}],"author":[{"embeddable":true,"href":"https:\/\/www.geodatenserver.ch\/valgis\/wp-json\/wp\/v2\/users\/1"}],"replies":[{"embeddable":true,"href":"https:\/\/www.geodatenserver.ch\/valgis\/wp-json\/wp\/v2\/comments?post=76"}],"version-history":[{"count":4,"href":"https:\/\/www.geodatenserver.ch\/valgis\/wp-json\/wp\/v2\/pages\/76\/revisions"}],"predecessor-version":[{"id":117,"href":"https:\/\/www.geodatenserver.ch\/valgis\/wp-json\/wp\/v2\/pages\/76\/revisions\/117"}],"wp:attachment":[{"href":"https:\/\/www.geodatenserver.ch\/valgis\/wp-json\/wp\/v2\/media?parent=76"}],"curies":[{"name":"wp","href":"https:\/\/api.w.org\/{rel}","templated":true}]}}